of 30343 and 76.
19
Calculate the highest common divisor of 146935 and 30.
5
What is the highest common divisor of 2700 and 72175?
25
What is the highest common factor of 24515 and 10?
5
What is the greatest common factor of 58 and 5858?
58
What is the greatest common divisor of 90693 and 108?
27
What is the greatest common divisor of 194283 and 9?
9
Calculate the highest common divisor of 145 and 4776416.
29
What is the greatest common divisor of 925 and 7955?
185
Calculate the greatest common factor of 37492 and 364.
364
What is the highest common factor of 63 and 4437?
9
Calculate the highest common factor of 3450 and 105915.
345
What is the greatest common factor of 3576 and 2616?
24
What is the greatest common factor of 669 and 12488?
223
What is the greatest common factor of 1370 and 130?
10
Calculate the highest common factor of 93 and 142042.
31
What is the highest common divisor of 27082 and 330?
22
Calculate the greatest common factor of 38054 and 848.
106
Calculate the highest common divisor of 2173060 and 60.
20
Calculate the highest common divisor of 203 and 76678.
7
Calculate the highest common factor of 58 and 54578.
58
Calculate the greatest common divisor of 704 and 12694.
22
Calculate the greatest common factor of 4256 and 4123.
133
What is the highest common divisor of 283419 and 648?
81
Calculate the greatest common divisor of 4824 and 6.
6
Calculate the greatest common factor of 3079920 and 615.
615
What is the greatest common divisor of 280 and 65296?
56
Calculate the greatest common divisor of 444267 and 18.
9
Calculate the highest common divisor of 10 and 3510410.
10
What is the greatest common divisor of 44200 and 6715?
85
What is the greatest common factor of 126117 and 1038?
519
What is the greatest common divisor of 7260 and 570?
30
What is the highest common factor of 19325 and 425?
25
What is the greatest common divisor of 748 and 43826?
34
What is the greatest common divisor of 199134 and 23?
23
Calculate the highest common factor of 29800 and 200.
200
Calculate the greatest common divisor of 77 and 35651.
77
Calculate the highest common divisor of 864 and 98064.
432
Calculate the highest common divisor of 354620 and 595.
595
What is the greatest common factor of 2074 and 344406?
122
What is the greatest common factor of 4172687 and 622?
311
Calculate the greatest common factor of 581 and 169984.
83
What is the greatest common factor of 1153 and 9?
1
What is the highest common factor of 52 and 444730?
26
What is the highest common factor of 29481 and 1585?
317
What is the greatest common divisor of 105 and 1020?
15
What is the greatest common divisor of 6232 and 53048?
152
What is the highest common factor of 62836 and 644?
92
What is the greatest common divisor of 31979 and 9339?
283
Calculate the greatest common factor of 180 and 142550.
10
Calculate the greatest common divisor of 54 and 115282.
2
Calculate the greatest common divisor of 1581 and 205173.
51
Calculate the highest common divisor of 2145 and 541255.
715
What is the greatest common divisor of 1560 and 42744?
312
Calculate the highest common divisor of 45078 and 1441.
11
What is the highest common factor of 302613 and 114?
57
Calculate the highest common factor of 3052 and 700.
28
Calculate the highest common divisor of 299962 and 1668.
278
What is the greatest common factor of 7135 and 565?
5
Calculate the greatest common divisor of 1000 and 130200.
200
Calculate the highest common factor of 391615 and 21105.
2345
What is the highest common divisor of 3175 and 1075?
25
Calculate the highest common factor of 12765 and 805.
115
What is the greatest common factor of 3948 and 88284?
84
What is the greatest common divisor of 2481 and 1023?
3
Calculate the highest common factor of 19872 and 2616.
24
Calculate the highest common divisor of 197387 and 289.
289
What is the highest common factor of 138644 and 8?
4
Calculate the highest common factor of 1950 and 134394.
78
What is the highest common factor of 982369 and 131?
131
Calculate the greatest common divisor of 56 and 1393.
7
What is the greatest common factor of 33820 and 364010?
890
What is the highest common divisor of 7917 and 1508?
377
What is the highest common divisor of 21792 and 288?
96
What is the greatest common divisor of 2040 and 1770?
30
What is the greatest common divisor of 85409 and 2681?
383
Calculate the highest common divisor of 94415 and 1748.
23
What is the greatest common divisor of 99 and 19629?
9
What is the highest common factor of 37167 and 93?
3
What is the highest common divisor of 45228 and 48?
12
Calculate the highest common factor of 7688 and 1864.
8
What is the highest common divisor of 26912 and 174?
58
Calculate the highest common factor of 1478148 and 112.
28
Calculate the greatest common divisor of 384951 and 357.
21
What is the highest common factor of 28684 and 15620?
284
Calculate the highest common divisor of 57728 and 369.
41
What is the greatest common factor of 160 and 1440?
160
What is the highest common factor of 78 and 10754?
2
What is the greatest common factor of 7104 and 9024?
192
Calculate the greatest common divisor of 157221 and 162.
81
What is the greatest common factor of 158 and 192049?
79
What is the highest common divisor of 4770 and 2279?
53
Calculate the greatest common divisor of 473 and 69773.
11
Calculate the highest common divisor of 2794 and 242.
22
Calculate the highest common divisor of 256 and 324512.
32
Calculate the greatest common divisor of 1225 and 3725.
25
What is the greatest common divisor of 31653 and 207?
9
What is the highest common factor of 615272 and 616?
56
What is the highest common divisor of 26242 and 28?
2
What is the highest common divisor of 128 and 370512?
16
What is the highest common divisor of 368298 and 224?
14
What is the highest common divisor of 105141 and 3838?
101
What is the greatest common divisor of 44119 and 4?
1
What is the greatest common divisor of 2640 and 22770?
330
What is the greatest common factor of 124682 and 124?
62
Calculate the highest common divisor of 875 and 896.
7
What is the highest common factor of 1958 and 40762?
178
Calculate the highest common factor of 44033 and 44.
11
What is the greatest common factor of 241560 and 2376?
792
What is the greatest common factor of 79866 and 4374?
162
Calculate the greatest common divisor of 455 and 6505135.
455
Calculate the highest common divisor of 486400 and 44.
4
Calculate the highest common divisor of 147 and 15309.
21
What is the highest common divisor of 2052 and 24681?
57
Calculate the highest common divisor of 36297 and 763.
109
Calculate the greatest common factor of 1158 and 2611290.
1158
Calculate the greatest common factor of 799648 and 32.
32
Calculate the greatest common divisor of 3498170 and 13.
13
What is the greatest common divisor of 1572350 and 236?
118
Calculate the greatest common factor of 90 and 149980.
10
Calculate the greatest common divisor of 739304 and 8.
8
Calculate the highest common divisor of 524020 and 1292.
76
Calculate the highest common factor of 543150 and 550.
50
Calculate the greatest common factor of 171 and 7011.
171
What is the greatest common factor of 12448 and 36955?
389
What is the highest common divisor of 66213 and 4788?
63
Calculate the greatest common divisor of 20 and 271320.
20
Calculate the highest common factor of 1274849 and 626.
313
What is the greatest common factor of 360 and 2232?
72
Calculate the highest common divisor of 53685 and 240.
15
Calculate the greatest common divisor of 1573 and 86999.
121
Calculate the greatest common factor of 4131 and 3825.
153
What is the highest common factor of 186943 and 213?
71
Calculate the greatest common divisor of 41693 and 12291.
241
Calculate the greatest common divisor of 192 and 72256.
64
What is the greatest common factor of 8802 and 4238?
326
What is the greatest common divisor of 4275 and 33174?
171
What is the highest common factor of 41 and 24559?
41
What is the highest common factor of 96 and 37104?
48
What is the greatest common factor of 15718 and 1084?
542
Calculate the greatest common factor of 175 and 66059.
7
What is the highest common divisor of 1016 and 1778?
254
What is the highest common divisor of 21456 and 526566?
894
